alculate the highest common factor of 63 and k.
7
Let m = 1 + -1. Let w be 8/(-2)*(m + -4). Let c(z) = 112*z**3 - z**2 + 3*z - 2. Let h be c(1). What is the greatest common divisor of w and h?
16
Let t = 202 - 76. Let o(h) = -2*h + 4. Let u be o(-5). Calculate the greatest common divisor of u and t.
14
Let z = 19 + 27. Let h = 66 - z. Suppose -2*c + 3*k + 11 = -43, -5*c + 144 = -3*k. Calculate the greatest common divisor of h and c.
10
Let n(h) = 2*h - 10. Let b be n(7). Let a(f) = -7*f + 3 - 5 + 1. Let s be a(-3). Calculate the highest common divisor of s and b.
4
Let n be 2/(-8) + (-30)/8. Let f = n - 4. Let s(h) = -h**2 - 9*h - 1. Let t be s(f). Calculate the highest common factor of 56 and t.
7
Let b(z) = -3*z - 9. Let w be b(-9). Calculate the highest common factor of 162 and w.
18
Let a be 2/3 + 17/51. Calculate the highest common divisor of a and 3.
1
Let x = -40 + 85. Suppose -4*w = -w + 5*c - 20, -2*w + 15 = 5*c. Calculate the greatest common divisor of x and w.
5
Let j(z) = 4*z. Let i(c) = -1. Let l be 18/(-12)*4/6. Let y(a) = l*j(a) + 3*i(a). Let v be y(-2). What is the greatest common divisor of 35 and v?
5
Let v(k) = 7*k - 4. Let f(j) = j. Let r(w) = -5*f(w) + v(w). Let g be r(6). What is the highest common divisor of g and 8?
8
Suppose 4*p + 3 = 27. Calculate the greatest common factor of 54 and p.
6
Let v be (-476)/(-49) + 2/7. What is the greatest common divisor of 30 and v?
10
Suppose 1 = -2*h + 7. Suppose -3*q = -h*l - 597, -2*q + 85 = -3*l - 316. Let d = q - 108. What is the greatest common factor of d and 8?
8
Suppose v = -4*b + 20, -v + 5*b = -6*v + 40. Suppose 4*l = -v*p + 2*l + 472, -4*p + l = -460. What is the highest common divisor of 29 and p?
29
Suppose -3*j = -4*v + 279, -2*v - j + 6 = -141. What is the highest common divisor of v and 54?
18
Suppose -22 = -8*h - 14. What is the highest common factor of h and 4?
1
Let j = 203 + -82. Let o(s) = -s + 11. Let p be o(0). Calculate the greatest common divisor of j and p.
11
Let t = 98 + 38. What is the greatest common factor of t and 34?
34
Let b(s) = -s**3 - 5*s**2 - 5*s - 12. Let d be b(-6). What is the greatest common divisor of d and 90?
18
Suppose 36 = 4*t - 2*c, 3*t = 5*c - c + 32. Calculate the highest common factor of 32 and t.
8
Let l = 176 - -34. What is the highest common factor of 30 and l?
30
Suppose 4*r + 2*r = 630. Calculate the greatest common divisor of r and 35.
35
Let p = -72 + 38. Let f = 59 + p. Let d be -2 + (1 - f)/(-1). Calculate the greatest common divisor of 33 and d.
11
Suppose -2*x + 4*v = 2*x - 44, v + 17 = 2*x. What is the greatest common factor of x and 102?
6
Let s be ((-28)/49)/(4/(-14)). Suppose s + 3 = 5*t. Let i be -3 - -5*(8 - t). What is the highest common divisor of 4 and i?
4
Suppose 0 = 16*m - 7*m - 180. Suppose -z = a - 5, 3*z + 3*a - 16 = -a. What is the greatest common factor of m and z?
4
Let z(y) be the second derivative of -y**4/12 + 2*y**3 + 9*y**2/2 - 8*y. Let u be z(6). What is the highest common factor of u and 5?
5
Suppose 0 = 2*x + 2*x + 1724. Let f = x + 696. Suppose 5*a - 190 = f. Calculate the greatest common factor of 13 and a.
13
Let o = 83 + -51. Let u be (36/(-10))/((-6)/80). Calculate the greatest common factor of o and u.
16
Let j be (-30*2)/(1*-1). What is the highest common divisor of 12 and j?
12
Let b = 5 - 3. Suppose 0*a + b*a + 2*z = -4, -a - 2*z = 5. Suppose 0 = q + g - 2, -3*q = -0*q - 3*g - 18. Calculate the greatest common factor of a and q.
1
Let d = -6 + 10. Let h(u) = u**3 + 6*u**2 + 3. Let m be h(-3). Suppose d*p - m = -0*l + 2*l, -3*l - 39 = -5*p. What is the greatest common divisor of p and 15?
3
Suppose -21 = -5*f - 6. Let j be 6 - -1*(-2 + -1). Suppose -j*l = -5*l + 6. What is the highest common divisor of f and l?
3
Let l(c) = c**2 - 4*c + 3. Let o be l(4). Suppose 0*d = -d + o. Suppose -d*a + 25 = -p, -2*p = -p - 5. Calculate the highest common factor of a and 25.
5
Let d be 1/((-3)/(-9)) - 0. Suppose 6 = d*t - 9. What is the highest common factor of 40 and t?
5
Let g(r) = 5*r**2 - 19*r - 6. Let n be g(6). What is the highest common divisor of 24 and n?
12
Let h(r) = r + 11. Let y be h(0). Suppose 2*v + 10 + 18 = 0. Let z = v + 47. What is the greatest common divisor of y and z?
11
Let o be (0 + 1)*(10 + -2). Let y(h) = h**2 + 12*h + 12. Let t be ((-8)/(-24))/(1/(-33)). Let n be y(t). What is the greatest common factor of n and o?
1
Let x = -53 - -86. Suppose 4*r - x = r. Let b = -77 + 154. Calculate the greatest common factor of r and b.
11
Let h be 4/((-3)/24*8/(-10)). Calculate the greatest common factor of h and 10.
10
Suppose -p = 4*z - 78 - 25, 0 = -3*z + 4*p + 82. Calculate the greatest common factor of 286 and z.
26
Let m = -26 - -38. Suppose 46*b - 47*b + 12 = 0. What is the highest common factor of b and m?
12
Suppose -5*p = 8 + 7, -81 = -4*x - 5*p. What is the highest common factor of 4 and x?
4
Let n(c) = 2*c**2 + c + 1. Let k be n(3). What is the highest common factor of 55 and k?
11
Let l(p) = -p + 35. Let u be l(0). Suppose 0 = -5*i + 20 + u. What is the greatest common divisor of 77 and i?
11
Suppose -4*f + y + 3*y = 1232, 3*f - 5*y = -926. Let p = 229 - f. Suppose -4*w - 8 = -p. What is the greatest common factor of 12 and w?
12
Let l(k) = -k**3 - 4*k**2 + 3*k - 2. Let w be l(-5). Let c = 52 - w. What is the greatest common factor of c and 4?
4
Let f = -27 - -41. What is the greatest common factor of f and 42?
14
Let u be 102/8 + (-15)/20. Calculate the highest common divisor of 96 and u.
12
Let a = 69 + -49. Let v(h) = h + 1 - 2*h**2 + 1 + 3*h**2. Let f be v(2). Calculate the greatest common divisor of f and a.
4
Suppose 6*s = 3*s + 4*y + 34, 5*s - 2*y - 52 = 0. Let v be 14/6 - (15/(-5))/(-9). Calculate the greatest common factor of s and v.
2
Let k(t) = 3*t**2 - 4*t. Let p be k(3). Let o = -4 - -6. Let m be -10*(1/1 - o). What is the greatest common divisor of p and m?
5
Let m = -103 - -155. Calculate the greatest common divisor of 13 and m.
13
Let c be 15 - 0 - (1 - 4). Calculate the highest common factor of 18 and c.
18
Suppose -6 = -5*p - 1. Suppose -73 = -5*s + 3*y - y, -3*y + p = s. What is the highest common divisor of s and 39?
13
Let j = 0 - 4. Let z be 2/4 + (-78)/j. Suppose 4*o = z, 7*k - o - 45 = 2*k. What is the highest common divisor of k and 10?
10
Suppose 4*s - 65 + 1 = 0. Let g = -11 + s. Calculate the greatest common divisor of g and 5.
5
Suppose 5*h = 2*s + 414, 6*s - 3*s = -2*h + 177. What is the highest common factor of 7 and h?
7
Let a(j) be the third derivative of -j**5/60 - 5*j**4/24 - j**3 + j**2. Let x be a(-4). Let r be -6*(3 + x)*-1. What is the greatest common divisor of r and 24?
6
Let n be -2 - 0 - (0 + -56). Let p = -24 + n. Calculate the highest common factor of 12 and p.
6
Suppose 4*v - 103 = 73. What is the greatest common divisor of v and 4?
4
Let r = 54 + -33. Let c(h) = h**2 + 12*h - 22. Let v be c(-17). What is the greatest common divisor of v and r?
21
Let k = 147 - 81. What is the greatest common divisor of k and 22?
22
Let v = 47 - 0. Suppose 2*w - v = -3*g, -g + 4*w - 18 = -3*g. What is the greatest common factor of g and 171?
19
Suppose 8 = 3*v - 2*j, -7 = -0*v - 2*v + j. Let b(a) = 5*a**2 + 12*a - 4*a**2 + a - 3 + a. Let t be b(-15). Calculate the highest common factor of v and t.
6
Let k = -6 + 12. Let w be ((-2)/(-3))/((-3)/(-18)). Suppose 0 = z + 2*o - 12, -w*z + 4*o + 10 = -2. What is the highest common divisor of z and k?
6
Suppose 7 + 12 = 5*r - 3*w, 0 = -3*r + 3*w + 15. Suppose -g = -5*a + 4*g + 40, r*a = -g + 19. What is the greatest common factor of 9 and a?
9
Suppose -55 = -11*f + 110. Calculate the greatest common factor of f and 5.
5
Let k = 159 + -139. What is the highest common factor of k and 10?
10
Suppose 4*u + 315 = 987. Suppose m - 42 = -4*o, -4*m - m = -o - u. Calculate the highest common divisor of m and 17.
17
Let f = -87 - -97. Calculate the greatest common factor of 190 and f.
10
Suppose -4*f - 17 = 5*t + 47, -5*t - 88 = -2*f. Let v(c) = -c - 14. Let l be v(t). What is the highest common divisor of l and 14?
2
Let z(r) = 3*r**2 - 2*r - 44*r**3 - 2 - r**2 + 0*r**2 + r. Let h be z(-1). Calculate the greatest common factor of h and 18.
9
Let r(g) = -g**3 + g**2 + g - 2. Let h be r(2). Let m be (-2)/h - 3